rime factors of 697577064.
2, 3, 883, 32917
List the prime factors of 299841342.
2, 3, 17, 109, 149, 181
What are the prime factors of 3664042755?
3, 5, 223, 757, 1447
List the prime factors of 24336763.
11, 2212433
List the prime factors of 44393234.
2, 19, 1168243
List the prime factors of 1308621188.
2, 7, 47, 994393
What are the prime factors of 19570512?
2, 3, 13, 79, 397
What are the prime factors of 67843550?
2, 5, 1356871
What are the prime factors of 6790539855?
3, 5, 11, 2063, 19949
What are the prime factors of 48062955?
3, 5, 881, 3637
List the prime factors of 239784884.
2, 59946221
What are the prime factors of 5646534654?
2, 3, 83, 199, 227, 251
What are the prime factors of 85342328?
2, 23, 449, 1033
List the prime factors of 456434857.
29, 101, 155833
What are the prime factors of 12920124?
2, 3, 7, 43, 73
What are the prime factors of 985237389?
3, 2767, 39563
List the prime factors of 46407726.
2, 3, 2578207
List the prime factors of 209064361.
11, 4019, 4729
What are the prime factors of 1751073901?
1751073901
List the prime factors of 1034760265.
5, 7, 11, 293, 9173
List the prime factors of 1777842559.
19, 419, 223319
List the prime factors of 483227312.
2, 17, 41, 43331
What are the prime factors of 3259852592?
2, 203740787
What are the prime factors of 10607595?
3, 5, 61, 11593
What are the prime factors of 358176609?
3, 7, 5685343
List the prime factors of 3530566310.
2, 5, 353056631
List the prime factors of 3550504959.
3, 1667, 236653
What are the prime factors of 2110774852?
2, 73, 7228681
List the prime factors of 226464853.
41, 827, 6679
What are the prime factors of 1261131231?
3, 157, 223, 12007
List the prime factors of 2901049007.
2901049007
List the prime factors of 65985435.
3, 5, 43, 421
What are the prime factors of 106596467?
23, 1657, 2797
What are the prime factors of 1051983462?
2, 3, 175330577
List the prime factors of 92709636.
2, 3, 17, 29, 15671
List the prime factors of 634716063.
3, 17, 211, 19661
What are the prime factors of 175313804?
2, 31, 313, 4517
List the prime factors of 606935646.
2, 3, 229, 49081
List the prime factors of 42557536.
2, 7, 189989
List the prime factors of 322495262.
2, 421, 383011
List the prime factors of 1508161316.
2, 61, 6180989
List the prime factors of 1050500624.
2, 65656289
List the prime factors of 1663263142.
2, 831631571
What are the prime factors of 820426227?
3, 379, 721571
List the prime factors of 55057196.
2, 29, 521, 911
What are the prime factors of 1108874099?
79, 14036381
List the prime factors of 49123478.
2, 24561739
List the prime factors of 2142980229.
3, 13, 54948211
What are the prime factors of 499097611?
17, 907, 32369
What are the prime factors of 122055502?
2, 53, 881, 1307
List the prime factors of 6420269555.
5, 7, 17, 10790369
What are the prime factors of 80082452?
2, 179, 111847
What are the prime factors of 1460266287?
3, 486755429
List the prime factors of 2078648967.
3, 692882989
List the prime factors of 29077981.
29, 97, 10337
What are the prime factors of 11246484?
2, 3, 937207
What are the prime factors of 436455124?
2, 7, 15587683
What are the prime factors of 199285611?
3, 7, 17, 558223
What are the prime factors of 2304530172?
2, 3, 7, 23, 79, 719
List the prime factors of 69765736.
2, 71, 122827
List the prime factors of 111672439.
17, 6568967
List the prime factors of 942765049.
193, 4884793
List the prime factors of 66993353.
7, 397, 24107
What are the prime factors of 1230825150?
2, 3, 5, 2735167
List the prime factors of 65588118.
2, 3, 269, 40637
List the prime factors of 18497500.
2, 5, 7, 151
List the prime factors of 208245341.
199, 1046459
List the prime factors of 1108058297.
1789, 619373
What are the prime factors of 112985735?
5, 1801, 12547
What are the prime factors of 135805739?
43, 257, 12289
List the prime factors of 952004485.
5, 1297, 146801
List the prime factors of 626340867.
3, 467, 447067
What are the prime factors of 108117150?
2, 3, 5, 31, 23251
What are the prime factors of 114539514?
2, 3, 19089919
What are the prime factors of 498749352?
2, 3, 20781223
What are the prime factors of 796193613?
3, 19, 53, 59, 1489
List the prime factors of 54326758.
2, 1499, 18121
What are the prime factors of 3392294395?
5, 7, 96922697
What are the prime factors of 59388516?
2, 3, 11, 149971
List the prime factors of 908262686.
2, 23, 47, 420103
What are the prime factors of 74020476?
2, 3, 101, 157, 389
What are the prime factors of 2607778189?
17, 4363, 35159
List the prime factors of 247612804.
2, 61903201
List the prime factors of 9146306.
2, 13, 17, 20693
What are the prime factors of 527256258?
2, 3, 17, 181, 28559
What are the prime factors of 16121435?
5, 11, 26647
What are the prime factors of 569051889?
3, 7, 47, 251, 2297
List the prime factors of 763202749.
763202749
List the prime factors of 1229178650.
2, 5, 7, 23, 43, 53, 67
List the prime factors of 27542316.
2, 3, 23, 73, 1367
List the prime factors of 1229148678.
2, 3, 193, 1061441
What are the prime factors of 362026317?
3, 8117, 14867
List the prime factors of 40248166.
2, 7, 61, 47129
What are the prime factors of 122042017?
307, 331, 1201
What are the prime factors of 492607689?
3, 7, 23457509
What are the prime factors of 701542066?
2, 17923, 19571
List the prime factors of 23268801.
3, 17, 23, 83, 239
What are the prime factors of 110408373?
3, 19, 373, 577
List the prime factors of 226006689.
3, 89, 509, 1663
List the prime factors of 17811355.
5, 47, 75793
What are the prime factors of 8794284?
2, 3, 769, 953
What are the prime factors of 458969145?
3, 5, 17, 269, 6691
What are the prime factors of 1147542635?
5, 6329, 36263
What are the prime factors of 76413879?
3, 409, 20759
List the prime factors of 3313029.
3, 1104343
List the prime factors of 743237054.
2, 7, 61, 870301
What are the prime factors of 8922189?
3, 67, 44389
What are the prime factors of 521706060?
2, 3, 5, 2898367
What are the prime factors of 55165418?
2, 7, 11, 41, 8737
What are the prime factors of 2178601124?
2, 7, 23, 179, 18899
List the prime factors of 309691936.
2, 9677873
What are the prime factors of 1047146454?
2, 3, 2311, 2797
List the prime factors of 40649210.
2, 5, 7, 17, 34159
List the prime factors of 248390223.
3, 82796741
What are the prime factors of 250945859?
14251, 17609
List the prime factors of 334365624.
2, 3, 1547989
What are the prime factors of 42356488?
2, 599, 8839
What are the prime factors of 188225582?
2, 571, 164821
What are the prime factors of 141351678?
2, 3, 13, 19, 31793
List the prime factors of 35308670.
2, 5, 3530867
What are the prime factors of 1705368103?
163, 10462381
What are the prime factors of 206968001?
109, 211, 8999
List the prime factors of 691108603.
19, 3389, 10733
List the prime factors of 1437243448.
2, 19, 61, 155009
List the prime factors of 124703507.
89, 379, 3697
What are the prime factors of 72051654?
2, 3, 37, 324557
What are the prime factors of 3613006526?
2, 179, 10092197
What are the prime factors of 1306108519?
67, 1123, 17359
List the prime factors of 2954790013.
7, 23, 2621819
List the prime factors of 122900067.
3, 97, 140779
List the prime factors of 157390401.
3, 7, 1070683
List the prime factors of 25500434.
2, 523, 24379
What are the prime factors of 3984374351?
29, 101, 1360319
What are the prime factors of 706715001?
3, 131, 599419
What are the prime factors of 27072311?
7, 23, 168151
What are the prime factors of 111315981?
3, 7, 5300761
List the prime factors of 160237122.
2, 3, 29, 79, 11657
What are the prime factors of 1742161451?
83, 307, 68371
What are the prime factors of 93499350?
2, 3, 5, 7, 12721
List the prime factors of 3222800384.
2, 109, 14437
What are the prime factors of 38854950?
2, 3, 5, 259033
What are the prime factors of 44588280?
2, 3, 5, 11, 17, 1987
List the prime factors of 1684093448.
2, 1087, 193663
What are the prime factors of 215903622?
2, 3, 11, 23, 41, 3469
What are the prime factors of 28572697?
59, 484283
List the prime factors of 396108506.
2, 29, 6829457
List the prime factors of 94591990.
2, 5, 9459199
What are the prime factors of 191177111?
61, 199, 15749
What are the prime factors of 836664090?
2, 3, 5, 27888803
What are the prime factors of 18856